43181 is divided by 214?
139
Calculate the remainder when 76003 is divided by 12293.
2245
What is the remainder when 199940 is divided by 891?
356
What is the remainder when 28098478 is divided by 43?
42
Calculate the remainder when 258437191 is divided by 62.
49
Calculate the remainder when 1114910 is divided by 1114736.
174
Calculate the remainder when 229707 is divided by 50.
7
What is the remainder when 119863 is divided by 955?
488
Calculate the remainder when 1869920 is divided by 636.
80
What is the remainder when 13408632 is divided by 280?
272
Calculate the remainder when 3283786 is divided by 11246.
11200
What is the remainder when 20760585 is divided by 5405?
5385
What is the remainder when 6413368 is divided by 49333?
78
What is the remainder when 1186842 is divided by 118673?
112
What is the remainder when 5619890 is divided by 62?
24
Calculate the remainder when 7746399 is divided by 86071.
9
What is the remainder when 69447913 is divided by 51?
40
Calculate the remainder when 10524291 is divided by 3508083.
42
What is the remainder when 719617 is divided by 2135?
122
Calculate the remainder when 571242 is divided by 114245.
17
What is the remainder when 102937652 is divided by 541777?
22
Calculate the remainder when 4210499 is divided by 67911.
17
What is the remainder when 1066766 is divided by 439?
435
What is the remainder when 3422502 is divided by 807?
15
Calculate the remainder when 89699 is divided by 8154.
5
Calculate the remainder when 1110609 is divided by 138.
123
What is the remainder when 209297 is divided by 1525?
372
What is the remainder when 301063597 is divided by 1013?
1010
Calculate the remainder when 2922357 is divided by 570.
537
What is the remainder when 13588990 is divided by 117146?
54
Calculate the remainder when 976135 is divided by 487949.
237
What is the remainder when 41516022 is divided by 23?
10
What is the remainder when 69632 is divided by 132?
68
What is the remainder when 101220656 is divided by 166?
164
Calculate the remainder when 230732020 is divided by 13.
12
Calculate the remainder when 469355 is divided by 6703.
145
Calculate the remainder when 131469 is divided by 21558.
2121
What is the remainder when 2731757 is divided by 2252?
81
Calculate the remainder when 339644 is divided by 193.
157
What is the remainder when 10514442 is divided by 309248?
10
Calculate the remainder when 144114 is divided by 337.
215
What is the remainder when 955171 is divided by 4421?
235
What is the remainder when 27817 is divided by 26264?
1553
Calculate the remainder when 1144375 is divided by 2538.
2275
What is the remainder when 9004 is divided by 2935?
199
Calculate the remainder when 2057525 is divided by 2128.
1877
Calculate the remainder when 13245486 is divided by 1182.
1176
Calculate the remainder when 1467615 is divided by 486892.
6939
Calculate the remainder when 13155936 is divided by 72.
24
What is the remainder when 447720 is divided by 223847?
26
Calculate the remainder when 21615 is divided by 1659.
48
What is the remainder when 564164 is divided by 91980?
12284
Calculate the remainder when 57765 is divided by 57703.
62
Calculate the remainder when 388697 is divided by 97137.
149
Calculate the remainder when 72233 is divided by 2262.
2111
What is the remainder when 10636881 is divided by 4952?
4937
What is the remainder when 111096 is divided by 27713?
244
Calculate the remainder when 1957207 is divided by 160.
87
Calculate the remainder when 84125 is divided by 999.
209
What is the remainder when 404231 is divided by 4014?
2831
What is the remainder when 1063475 is divided by 42538?
25
What is the remainder when 652295 is divided by 56?
7
Calculate the remainder when 1738973 is divided by 2021.
913
What is the remainder when 683683 is divided by 3435?
118
What is the remainder when 986571 is divided by 26?
1
Calculate the remainder when 1242179 is divided by 751.
25
What is the remainder when 76220 is divided by 3048?
20
Calculate the remainder when 16663782 is divided by 4.
2
What is the remainder when 290855761 is divided by 23?
15
Calculate the remainder when 225515 is divided by 56373.
23
What is the remainder when 71891 is divided by 1172?
399
Calculate the remainder when 8002408 is divided by 69.
64
Calculate the remainder when 15622929 is divided by 3905732.
1
Calculate the remainder when 1806563 is divided by 1321.
756
What is the remainder when 1721100 is divided by 59?
11
Calculate the remainder when 167089461 is divided by 24.
21
Calculate the remainder when 1760932 is divided by 3179.
2945
Calculate the remainder when 10404778 is divided by 139.
72
What is the remainder when 119427 is divided by 111389?
8038
Calculate the remainder when 8090230 is divided by 124.
98
What is the remainder when 54674420 is divided by 828400?
20
What is the remainder when 748812 is divided by 25814?
206
What is the remainder when 109148 is divided by 36212?
512
What is the remainder when 36293019 is divided by 684?
663
What is the remainder when 6789190 is divided by 2651?
2630
What is the remainder when 332212 is divided by 614?
38
Calculate the remainder when 71475 is divided by 7138.
95
Calculate the remainder when 106960137 is divided by 252.
249
What is the remainder when 94764781 is divided by 391590?
1
What is the remainder when 1082421 is divided by 9019?
141
Calculate the remainder when 46201667 is divided by 347.
5
Calculate the remainder when 36512053 is divided by 8830.
3
What is the remainder when 766802 is divided by 1255?
1252
What is the remainder when 2309548 is divided by 62407?
489
What is the remainder when 5754206 is divided by 1918064?
14
What is the remainder when 166855 is divided by 6287?
3393
What is the remainder when 312637 is divided by 16?
13
What is the remainder when 37230 is divided by 3371?
149
What is the remainder when 497494 is divided by 38256?
166
What is the remainder when 111107343 is divided by 13888417?
7
What is the remainder when 79071 is divided by 2032?
1855
What is the remainder when 1758473 is divided by 27?
17
Calculate the remainder when 32412114 is divided by 3520.
3474
Calculate the remainder when 16389434 is divided by 4515.
4499
What is the remainder when 66147496 is divided by 24?
16
Calculate the remainder when 706544 is divided by 78107.
3581
Calculate the remainder when 5556810 is divided by 31.
29
Calculate the remainder when 47909765 is divided by 77902.
35
What is the remainder when 23122683 is divided by 328?
323
Calculate the remainder when 16205 is divided by 111.
110
Calculate the remainder when 102078 is divided by 3662.
3204
What is the remainder when 577618 is divided by 159?
130
Calculate the remainder when 1929265 is divided by 180.
25
What is the remainder when 696167 is divided by 9800?
367
Calculate the remainder when 5604420 is divided by 1401074.
124
Calculate the remainder when 449324 is divided by 1293.
653
Calculate the remainder when 73473 is divided by 18201.
669
What is the remainder when 18219144 is divided by 30?
24
Calculate the remainder when 299245345 is divided by 2423.
2422
What is the remainder when 12887265 is divided by 4295754?
3
Calculate the remainder when 1562767 is divided by 220.
107
What is the remainder when 40355165 is divided by 2056?
2053
Calculate the remainder when 8744699 is divided by 8744402.
297
What is the remainder when 320557 is divided by 1464?
1405
Calculate the remainder when 378412 is divided by 593.
78
What is the remainder when 7091479 is divided by 891?
10
What is the remainder when 913156 is divided by 86?
8
Calculate the remainder when 33444 is divided by 5246.
1968
Calculate the remainder when 2762982 is divided by 518.
488
What is the remainder when 3314142 is divided by 604?
598
What is the remainder when 1456750 is divided by 128?
110
Calculate the remainder when 1865581 is divided by 932745.
91
What is the remainder when 462206 is divided by 35105?
5841
Calculate the remainder when 19780 is divided by 5125.
4405
What is the remainder when 6261512 is divided by 113844?
92
Calculate the remainder when 569170 is divided by 11614.
84
Calculate the remainder when 3746551 is divided by 2957.
32
What is the remainder when 639037 is divided by 58030?
707
What is the remainder w